**2 - 8*j - 2. Let g be z(11). What is the greatest common factor of 42 and g?
14
Let t(k) = 2*k - 2. Let m(p) = 15*p - 15. Let s(o) = 3*m(o) - 20*t(o). Let d be s(3). What is the highest common divisor of 15 and d?
5
Let o(s) = 6*s - 9 + 4 + 0*s - 3*s. Let a be o(9). Let h be a - -1*(1 - -1). What is the highest common divisor of h and 120?
24
Suppose 12*n - 1053 = -357. Calculate the greatest common factor of n and 464.
58
Let c = -28 + 68. Let f be 2/(-10) + (-1404)/(-45). Let j = f - 15. What is the greatest common divisor of j and c?
8
Let u(d) = -d**3 + 15*d**2 + 20*d - 52. Let w be u(16). Let l = 9 + -3. Calculate the highest common factor of w and l.
6
Let h be 5/110*-1646 + (-2)/11. Let a be 16/((-60)/h*(-5)/(-2)). What is the highest common factor of 88 and a?
8
Let x = 21 - 36. Let c be (x/10)/((-2)/12). What is the greatest common factor of 27 and c?
9
Let h(a) = 2*a + 23 - 2*a + 3*a. Let l be h(11). What is the greatest common divisor of l and 28?
28
Let q be ((-2)/(-4))/((10/288)/5). Let l = q + -47. Let s be 2/2*550/2. Calculate the greatest common divisor of l and s.
25
Let k(v) = 2*v + 2. Let g be k(3). Let h be (6/(-9))/(-7 - (-1757)/252). Calculate the greatest common factor of h and g.
8
Suppose -a - 6 = -2*a. Let i = a + -9. Let c = i + 6. Calculate the highest common factor of c and 27.
3
Let u(z) be the second derivative of -z**3/6 + 15*z**2/2 - z. Let s be u(12). Suppose k + s*k - 272 = 0. What is the greatest common divisor of 17 and k?
17
Suppose -3*i - 4*n = n + 10, 3*n = 2*i - 6. Let o be (i + 28/16)*48. Calculate the highest common divisor of 12 and o.
12
Let t be (-1)/(-2)*400/100. Calculate the highest common divisor of 106 and t.
2
Suppose 786 = 16*y - 942. Calculate the greatest common factor of 36 and y.
36
Suppose 0*b + 295 = 5*r - 5*b, r - 5*b = 39. Calculate the highest common divisor of 40 and r.
8
Let i be (3/2)/(9/984). Let v be ((-82)/18)/((-91)/819). What is the greatest common factor of i and v?
41
Let x be (5 + 0/2)/((-136)/(-5848)). Calculate the greatest common divisor of 387 and x.
43
Suppose 5*t - 362 = u, -2*u + 63 + 5 = t. What is the highest common factor of t and 32?
8
Suppose -5*k = x + 13 - 5, 4*k + 76 = 5*x. Suppose -5*q - 23 = -3. Let y be (6/q)/((-2)/8). What is the highest common divisor of y and x?
6
Let k(s) = -3*s - 5 - 2 - 5. Let g be k(-13). What is the highest common divisor of 243 and g?
27
Let r be -8 + (-246)/(-9) - (-2)/3. What is the greatest common factor of 20 and r?
20
Let y(v) = -v**2 - 2*v + 2. Let i be y(0). Suppose 620 = -i*o + 6*o. Calculate the highest common divisor of o and 62.
31
Suppose 4*a - 35 = -3*k + 49, -5*a = 3*k - 108. Let u = -19 + 31. What is the greatest common factor of a and u?
12
Let f be (-5)/(10/4) + 2. Suppose 4*w - 5*u = w, -w - u = f. Suppose -d - 39 = -2*c + 4*d, -5*c + 5*d + 75 = w. What is the highest common divisor of 8 and c?
4
Let k(v) = -1 + 17*v**2 + 10*v**2 + 2*v**2 - 2*v. Let g be k(-1). Suppose -2*b - 1590 = -55*b. What is the greatest common factor of g and b?
30
Let u = 26 - 12. Let a(j) = 26*j + 1602. Let z be a(-60). What is the highest common divisor of z and u?
14
Suppose 37*y + 8064 = 49*y. What is the highest common divisor of y and 42?
42
Suppose 1 = -4*g + 9. Suppose -2*l + l = 3*i - 1, 4 = -3*i - g*l. Suppose -a + 72 = i*a. What is the greatest common factor of 24 and a?
24
Let a be 75/27 - (-2)/9. Suppose a*g + 2*g + 5 = 0. Let t(c) = -8*c - 1. Let i be t(g). What is the highest common divisor of i and 77?
7
Let k be ((-338)/(-39))/((-2)/(-24)). Calculate the highest common divisor of k and 40.
8
Let o be (10/3)/((-15)/((-1620)/8)). What is the highest common factor of o and 27?
9
Let q be (-375)/(-875) + 2/((-14)/(-501)). Suppose -5*y = -3*g - 35 - 36, -g = -y + 13. What is the highest common divisor of y and q?
8
Let d be (588/(-63))/(((-2)/(-75))/1). Let f = -179 - d. Let o = 14 - -5. What is the highest common factor of f and o?
19
Let z = 738 - 710. What is the greatest common factor of 28 and z?
28
Let w = 454 + -289. Let f be (14/3 - 2)*3. Let r be (-183)/(-12) - 2/f. Calculate the greatest common factor of w and r.
15
Suppose -d + 47*m - 52*m + 76 = 0, 2*d = -m + 134. What is the highest common factor of 825 and d?
33
Let o be 13 + 1 - (-10)/30*9. Calculate the highest common divisor of 833 and o.
17
Let n = 78 + -70. Let y(m) = -m**3 + 8*m**2 + 4*m - 7. Let o be y(n). What is the greatest common divisor of 25 and o?
25
Suppose 0 = -3*m + 2*j + 109, -2*m - 33 = 5*j - 131. Suppose -156 = -2*n - 10*n. What is the greatest common factor of m and n?
13
Let h = -590 + 842. Suppose h = -0*w + 2*w. What is the highest common divisor of 18 and w?
18
Let k(l) = 3*l**2 - 3. Let s be k(-5). Let h = s + -66. Calculate the greatest common divisor of 48 and h.
6
Suppose 5*b - 3390 + 885 = -5*t, 2*t - 992 = -4*b. Calculate the greatest common divisor of 46 and t.
46
Let z(c) = -c**3 - 2*c**2 - 3*c + 2. Let o = 7 + -10. Let d be z(o). Suppose 0 = -7*t + 42 + 28. What is the highest common divisor of t and d?
10
Suppose -5*w + 2*s = -3*w + 12, 2*w + s = -3. Let d(l) = l**2 + 4*l - 8. Let r be d(-5). Let t be (r - 7*w) + -2. What is the highest common divisor of 4 and t?
4
Let x be (2/(-6))/((-7)/21). Let z be (2/x)/(-1 + 2). Calculate the highest common factor of z and 2.
2
Let m be 2/1 + 474 + -2. Let h = 958 - m. Suppose 0 = -6*j + h + 650. Calculate the highest common divisor of 21 and j.
21
Suppose 5*b - 434 + 114 = 0. Suppose 4*a + 4*f = -b, -6*f + f - 15 = 0. Let n be (-2)/13 + (-80)/a. What is the greatest common divisor of 30 and n?
6
Let x be 3/(-2)*(-6 - -14). Let z be (22/6)/(x/(-36)). Calculate the highest common divisor of z and 121.
11
Let n(r) = r - 9. Let d be n(7). Let f be -1 + (2 - (d + 0)). Calculate the greatest common divisor of 24 and f.
3
Let x be -20 + 1 - 6/2. Let m = x - -16. Let g(s) = -3*s + 8. Let c be g(m). What is the greatest common factor of c and 26?
26
Suppose 5*y - 2*t - 141 = -0*t, 3*t - 72 = -3*y. Let x = 40 + -40. Let c = x + 3. Calculate the highest common factor of y and c.
3
Let u(w) = 5*w**2 + 2*w + 11. Let h be u(7). What is the greatest common divisor of 10 and h?
10
Let g be 180/(-21)*(14 + -28). Calculate the greatest common divisor of g and 72.
24
Suppose -12*x - 300 = -15*x. Calculate the greatest common factor of 75 and x.
25
Let g = -3221 + 3298. Let s(k) = k**3 - 4*k**2 - 5*k + 7. Let z be s(5). Calculate the highest common factor of z and g.
7
Let s be 43 - (2 + -4 + 0). Let a(h) = 48*h - 7 - 44*h - 3. Let j be a(7). What is the highest common factor of j and s?
9
Let l = -820 + 930. Suppose 2*z - 22 = z. Calculate the highest common divisor of l and z.
22
Suppose 5*j - j = 4, -4*j - 5 = -w. Suppose f + 2*f = w. Suppose v - 4*y - 17 = -f, 5*y = -2*v + 41. What is the highest common divisor of 144 and v?
18
Let o be 594 + (4 - (0 + -5)). What is the highest common divisor of 18 and o?
9
Suppose -3*o - 4*q = -377, 3*o - 225 - 147 = -3*q. Let g = -74 + o. Let r be 14 + (-1 + 3)/2. Calculate the highest common factor of g and r.
15
Suppose 7*g - 952 = -g. Calculate the greatest common divisor of g and 34.
17
Let m = 347 - 265. What is the highest common divisor of m and 574?
82
Let q be 300*-7*2/(-42). Calculate the highest common factor of 4 and q.
4
Let j(t) = t**3 - 5*t**2 + 7*t + 21. Let y be j(5). What is the greatest common factor of y and 7?
7
Suppose -4*l - 292 = -4*f, -4*l = -3*f - 0*l + 214. Let g be (-310)/(-6) - 2/(-6). Calculate the greatest common divisor of f and g.
26
Suppose h + 12*i - 7*i - 559 = 0, -2146 = -4*h - 2*i. Calculate the greatest common divisor of h and 6.
6
Let y(u) = -u + 84. Let x be y(33). Calculate the greatest common divisor of x and 187.
17
Suppose -103 = -13*j + 10*j - 5*r, 3*j - 83 = -r. What is the greatest common factor of j and 923?
13
Let k(c) = -43*c**3 - c**2 - c - 1. Let j be k(-1). What is the highest common divisor of 105 and j?
21
Let n = -447 - -543. What is the greatest common divisor of 1824 and n?
96
Let m(j) = j**2 + 10*j - 150. Let a be m(-30). Calculate the highest common factor of a and 72.
18
Let l = 230 + -200. Calculate the greatest common divisor of l and 390.
30
Suppose 21 = 4*o - 7. Let y be (1 + 3)*(o - 2). Suppose